{"version":"1.0","provider_name":"Invest in Namur","provider_url":"https:\/\/www.invest-in-namur.be\/en","author_name":"St\u00e9phanie Bonmariage","author_url":"https:\/\/www.invest-in-namur.be\/en\/author\/sbo\/","title":"Taking stock of the Silver Economy in Wallonia - Invest in Namur","type":"rich","width":600,"height":338,"html":"<blockquote class=\"wp-embedded-content\" data-secret=\"wiyO89p4q1\"><a href=\"https:\/\/www.invest-in-namur.be\/en\/actualites\/silver-economy-en-wallonie-le-point\/\">Taking stock of the Silver Economy in Wallonia<\/a><\/blockquote><iframe sandbox=\"allow-scripts\" security=\"restricted\" src=\"https:\/\/www.invest-in-namur.be\/en\/actualites\/silver-economy-en-wallonie-le-point\/embed\/#?secret=wiyO89p4q1\" width=\"600\" height=\"338\" title=\"&#8220;Taking stock of the Silver Economy in Wallonia&#8221; &#8212; Invest in Namur\" data-secret=\"wiyO89p4q1\" frameborder=\"0\" marginwidth=\"0\" marginheight=\"0\" scrolling=\"no\" class=\"wp-embedded-content\"><\/iframe><script type=\"text\/javascript\">\n\/* <![CDATA[ *\/\n\/*! This file is auto-generated *\/\n!function(d,l){\"use strict\";l.querySelector&&d.addEventListener&&\"undefined\"!=typeof URL&&(d.wp=d.wp||{},d.wp.receiveEmbedMessage||(d.wp.receiveEmbedMessage=function(e){var t=e.data;if((t||t.secret||t.message||t.value)&&!\/[^a-zA-Z0-9]\/.test(t.secret)){for(var s,r,n,a=l.querySelectorAll('iframe[data-secret=\"'+t.secret+'\"]'),o=l.querySelectorAll('blockquote[data-secret=\"'+t.secret+'\"]'),c=new RegExp(\"^https?:$\",\"i\"),i=0;i<o.length;i++)o[i].style.display=\"none\";for(i=0;i<a.length;i++)s=a[i],e.source===s.contentWindow&&(s.removeAttribute(\"style\"),\"height\"===t.message?(1e3<(r=parseInt(t.value,10))?r=1e3:~~r<200&&(r=200),s.height=r):\"link\"===t.message&&(r=new URL(s.getAttribute(\"src\")),n=new URL(t.value),c.test(n.protocol))&&n.host===r.host&&l.activeElement===s&&(d.top.location.href=t.value))}},d.addEventListener(\"message\",d.wp.receiveEmbedMessage,!1),l.addEventListener(\"DOMContentLoaded\",function(){for(var e,t,s=l.querySelectorAll(\"iframe.wp-embedded-content\"),r=0;r<s.length;r++)(t=(e=s[r]).getAttribute(\"data-secret\"))||(t=Math.random().toString(36).substring(2,12),e.src+=\"#?secret=\"+t,e.setAttribute(\"data-secret\",t)),e.contentWindow.postMessage({message:\"ready\",secret:t},\"*\")},!1)))}(window,document);\n\/\/# sourceURL=https:\/\/www.invest-in-namur.be\/wp-includes\/js\/wp-embed.min.js\n\/* ]]> *\/\n<\/script>\n","description":"(FR) Care-YS est le parc d\u00e9velopp\u00e9 \u00e0 Bouge, en haut de Namur, pour accueillir des entreprises mettant au point des solutions pour r\u00e9pondre aux besoins li\u00e9s \u00e0 l'allongement de la dur\u00e9e de vie de la population. Pr\u00e8s de Creagora, il les accueillera dans un \u00e9co-syst\u00e8me adapt\u00e9 \u00e0 leur croissance."}

Stéphanie Bonmariage

(FR) Care-YS est le parc développé à Bouge, en haut de Namur, pour accueillir des entreprises mettant au point des solutions pour répondre aux besoins liés à l'allongement de la durée de vie de la population. Près de Creagora, il les accueillera dans un éco-système adapté à leur croissance.
